et k be d(6). Calculate the greatest common factor of r and k.
12
Let b be 1 + 1 + (0 - 0). Calculate the greatest common divisor of b and 14.
2
Let q = -20 - -27. What is the highest common factor of q and 77?
7
Let n be (-1)/(-3)*-2*(-1 + -242). Calculate the greatest common divisor of 18 and n.
18
Let y = -9 + 15. Let b = -4 + y. What is the greatest common divisor of b and 12?
2
Let o be (15/(-2) + 0)*-2. Let d be (-15)/(-3*(-1)/(-2)). Let b = d + -5. What is the greatest common factor of b and o?
5
Suppose -5*r + 55 = -55. Calculate the greatest common divisor of r and 198.
22
Suppose -4*y + 4*u = -244, 2*y - u - 57 = 64. What is the greatest common factor of 20 and y?
20
Let h be (-2 - -1) + -3 + 3. Let r be h + 0 + 3 + 8. What is the greatest common divisor of r and 5?
5
Suppose -4*p - 3*w = -14, -p + 3*p + 4*w = 12. Calculate the highest common divisor of 3 and p.
1
Let b be 2 + -5 - (-6 - -4). Let a be b/(0 + (-2)/418). What is the greatest common factor of a and 19?
19
Let p be (-142)/(-6) + (-4)/(-12). What is the greatest common divisor of 60 and p?
12
Let u(s) = s**3 - 2*s**2 + 3*s + 4. Let n be u(3). Calculate the highest common divisor of 154 and n.
22
Suppose -5*l + 12 + 3 = j, 60 = 4*j - 2*l. Let o = j - 9. Calculate the highest common factor of 6 and o.
6
Let h = -8 - -2. Let v be (h/5)/((-6)/20). What is the highest common factor of 20 and v?
4
Let t(o) = 3*o**2 + 4*o**2 + 3*o + o**3 - 4 - 5*o**3 + 3*o**3. Let r be t(6). Suppose w = -4*w + r. Calculate the greatest common factor of w and 5.
5
Let i be (-318)/(-39) - 4/26. Calculate the highest common divisor of i and 32.
8
Suppose 0*v = -v + 42. Suppose -2205 = -6*d - 15*d. Calculate the greatest common divisor of d and v.
21
Let b(f) = -f + 2. Let q be b(-2). Let v be (2/6)/(1/15). Suppose 0 = k + 4*u - 21 - 15, -v*k + u + 138 = 0. Calculate the highest common divisor of k and q.
4
Suppose 3*c - 55 = -16. Suppose 0 = 10*l - 705 - 335. What is the greatest common factor of l and c?
13
Suppose -4*q = 3*f - 37, 12 = 2*q - 3*q - 5*f. Suppose 4*h + 143 = 5*h. What is the greatest common divisor of h and q?
13
Let s(z) = -z**2 + 5 + 3 - 11*z - 3 - 1. Let n be s(-11). What is the greatest common factor of 6 and n?
2
Suppose -5*v - d = -242, -3*v + 8*v + 2*d - 244 = 0. Calculate the greatest common factor of 8 and v.
8
Let s be 24/(-3) + -2 + 2. Let h = 23 + s. What is the highest common factor of h and 10?
5
Let t(p) = -p**3 + 5*p**2 - 4*p - 1. Let j be t(3). Calculate the greatest common factor of 2 and j.
1
Suppose -2*t + 5*t - 2*w = 27, 0 = -2*t - w + 25. Calculate the greatest common factor of t and 44.
11
Let a(w) = 7*w**2 - w - 1. Let z be a(-2). Let g(v) = v**2 - v. Let c be g(2). Suppose k = z - c. What is the greatest common divisor of 3 and k?
3
Suppose -2*t + 283 = -2*f + 27, 2*t - 244 = -4*f. Suppose -5*l + 84 = 14. What is the highest common factor of t and l?
14
Let l be 1*(-26)/((-2)/1). Let r = l + 0. Calculate the greatest common divisor of 13 and r.
13
Let d(t) = 1. Let l(x) = 5*x + 1. Let q(o) = -6*d(o) - l(o). Let h be q(-5). Calculate the highest common divisor of h and 162.
18
Let n be (-68)/(-4 + 0) - -2. Calculate the greatest common factor of 152 and n.
19
Let a be 8/(-16) + 121/2. What is the greatest common factor of a and 15?
15
Let b = 19 + -18. Let m = 7 + -3. Calculate the highest common divisor of b and m.
1
Let m be 3/4 - (-164)/16. Let k = -4 + 6. Let z(r) = 4*r**3 - 3*r**2 + 2*r - 2. Let g be z(k). Calculate the greatest common factor of m and g.
11
Let d(o) = 3*o + 15. Let f be d(9). Calculate the greatest common divisor of 42 and f.
42
Let j(w) = -w**2 + 10*w - 2. Let a be j(9). What is the greatest common divisor of a and 14?
7
Suppose 0 = -3*a + 4*a. Suppose -4*d + 7*d + 21 = a. Let i be (-2)/(-2) - 14/d. What is the greatest common divisor of 27 and i?
3
Suppose 5*o - 4 = m - 1, 2*m = -3*o + 7. Let f be (m/5)/(4/40). Calculate the highest common divisor of 32 and f.
4
Suppose 17 + 33 = 5*q. Let y(w) = 16*w. Let l be y(5). What is the highest common divisor of l and q?
10
Let m = 2 - 10. Let c = m + 1. Let t = -3 - c. Calculate the greatest common factor of t and 28.
4
Suppose 8 + 12 = 4*w. Suppose -2 = -0*q + 2*q, w*u = -5*q. Let c be (-20 - u)*3/(-9). What is the greatest common factor of c and 35?
7
Let k be 2/(-12) + 50/12. Suppose 46 = 5*a + 4*s, k*a - 2*s - 32 = a. Calculate the greatest common factor of 110 and a.
10
Let i be 8/(-8) + (5 - -2). Let l = 13 + -7. Calculate the highest common factor of l and i.
6
Let y be 4*(3 + (3 - (-33)/(-6))). What is the highest common factor of y and 2?
2
Let r be 2 - (-1 - 3 - -1). Suppose r*v - 35 = 25. What is the highest common divisor of 132 and v?
12
Suppose -4*c - 22 = -6*c. Suppose 5*n + 55 = z - 37, 2*n + 314 = 4*z. Calculate the highest common divisor of c and z.
11
Let r be -2 + 3 - (10 + -1). Let o be (5/2)/((-2)/r). Let p(h) = -9*h + 4. Let i be p(-4). Calculate the greatest common divisor of o and i.
10
Let k(p) = 3*p - 1. Let q(g) = -3*g + 1. Let h(s) = 6*k(s) + 4*q(s). Let i be h(3). Calculate the highest common factor of i and 48.
16
Let b = 94 + -43. Let o = -28 + b. Let l = o - 16. What is the greatest common factor of 21 and l?
7
Let g = -9 - -11. Suppose g*k - 2 = 6. What is the greatest common divisor of 2 and k?
2
Let j = -4 + 8. Suppose 2*f = -3*f + 30. What is the greatest common divisor of j and f?
2
Let t = 2 - -9. Let j = 3 - t. Let g be j/(1*2/(-2)). What is the greatest common factor of g and 16?
8
Suppose 0 = 6*a + a - 91. What is the greatest common factor of 91 and a?
13
Suppose 58*n + 87 = 61*n. What is the highest common factor of n and 145?
29
Let d = 3 - 0. Suppose 0 = 4*v - d - 5. Suppose -98 = -5*f + 4*a, 2*f + a = -4*a + 59. What is the highest common factor of v and f?
2
Suppose 6*s = -2*s + 640. Calculate the greatest common divisor of 32 and s.
16
Suppose -5*y = -h + 275, -4*h + h - y = -793. Suppose 2*k = 23 + 187. Suppose -4*x - k = -h. What is the greatest common factor of 5 and x?
5
Let g(z) = -42*z. Let o be g(-3). Suppose 5*h - o = 4*h. Let w(k) = -k**3 + 6*k**2 + 11*k - 10. Let m be w(7). Calculate the greatest common factor of h and m.
18
Let k be 6*5/((-15)/16). Let d be ((-15)/6)/(2/k). Suppose 1 = -l - 1, 0 = 3*c + 4*l - 172. Calculate the highest common factor of d and c.
20
Let m = -6 - -10. Suppose -2*r - 4*h = 4, -2*r + 13 = -m*h + 1. Calculate the greatest common divisor of 18 and r.
2
Let s = 0 + -1. Let x = -5 - s. Let m be 2/x - 10/(-4). What is the highest common divisor of 2 and m?
2
Let r be 12 - 0*2*4/(-16). Let h = -6 + 30. What is the highest common factor of r and h?
12
Let c be 6/33 - (-84)/22. Suppose c*f - 133 + 25 = 0. What is the greatest common factor of f and 54?
27
Let x = 2 - -2. Let m be 70/x*(-16)/(-10). Let i = 42 - m. Calculate the greatest common divisor of i and 42.
14
Let y(l) = -l**3 + 10*l**2. Let j be y(10). Suppose -14 = -2*f + 4*o, j = -3*f + f - 2*o - 4. Calculate the greatest common factor of 9 and f.
1
Let w be 0 - (-1 - 1 - 7). Suppose 2*o - 4*y + 2*y = 20, -5*o + 5 = 4*y. Suppose -299 = -o*v + 106. What is the greatest common divisor of w and v?
9
Suppose -3*v + o + 4 = 0, 3*o = -0*v - 4*v - 12. Suppose 3*t + 2*i - 66 = v, 4*i - 65 + 13 = -2*t. What is the highest common divisor of 8 and t?
4
Suppose 0 = w - 32 + 22. What is the greatest common divisor of w and 4?
2
Let p(g) = -g**3 + 3*g**2 + 4*g + 1. Let r be p(3). Let j = -2 + 4. Suppose 3*u + j*u = 130. What is the highest common divisor of r and u?
13
Let u be 2*((-20)/(-2) + 0). Let x be (-7 - -1)*15/(-9). Let t = 0 + x. What is the highest common divisor of u and t?
10
Suppose -m = -3*f - 7, 0 = 2*f + 8. Let i = m + 7. Calculate the greatest common factor of i and 20.
2
Let r(p) = p**3 + 15*p**2 + 25*p - 8. Let w be r(-13). Calculate the highest common divisor of w and 35.
5
Let x(a) = -a**3 + 3*a**2 + 5*a - 1. Let j be x(4). Let c be 1586/6 - j/9. Let v be (4/(-18))/1 - (-6104)/252. Calculate the highest common divisor of c and v.
24
Let s be (-1)/(-5) + 96/20. Let d be 18/(-4)*(-6)/9. Suppose 5*j - j + 12 = 2*m, -65 = -s*m + d*j. What is the greatest common factor of 176 and m?
16
Let r be (12/5)/(15/1600). Calculate the highest common factor